s digit of 22251964?
6
What is the tens digit of 13177126?
2
What is the hundreds digit of 28920674?
6
What is the hundreds digit of 7534843?
8
What is the hundred thousands digit of 17899932?
8
What is the ten thousands digit of 20197267?
9
What is the thousands digit of 7092803?
2
What is the hundred thousands digit of 9710155?
7
What is the hundreds digit of 2004901?
9
What is the thousands digit of 197460?
7
What is the millions digit of 3730994?
3
What is the units digit of 775576?
6
What is the thousands digit of 985821?
5
What is the hundred thousands digit of 1290395?
2
What is the thousands digit of 105141?
5
What is the hundreds digit of 803631?
6
What is the thousands digit of 301136?
1
What is the thousands digit of 624022?
4
What is the thousands digit of 23134638?
4
What is the thousands digit of 1173?
1
What is the ten thousands digit of 1847255?
4
What is the tens digit of 201545?
4
What is the tens digit of 267264?
6
What is the thousands digit of 1542073?
2
What is the millions digit of 3675513?
3
What is the hundred thousands digit of 245497?
2
What is the units digit of 256183?
3
What is the ten thousands digit of 9492876?
9
What is the tens digit of 5294816?
1
What is the hundred thousands digit of 5857812?
8
What is the thousands digit of 11688?
1
What is the hundreds digit of 382843?
8
What is the units digit of 3813202?
2
What is the thousands digit of 849805?
9
What is the millions digit of 5832117?
5
What is the units digit of 4908660?
0
What is the hundred thousands digit of 306134?
3
What is the ten thousands digit of 294651?
9
What is the millions digit of 10325513?
0
What is the units digit of 759546?
6
What is the ten millions digit of 12136292?
1
What is the hundred thousands digit of 199233?
1
What is the hundred thousands digit of 859707?
8
What is the millions digit of 3094257?
3
What is the hundreds digit of 439929?
9
What is the units digit of 2446384?
4
What is the thousands digit of 349881?
9
What is the tens digit of 369720?
2
What is the tens digit of 117835?
3
What is the units digit of 1318353?
3
What is the ten thousands digit of 2025530?
2
What is the thousands digit of 521970?
1
What is the hundreds digit of 946233?
2
What is the thousands digit of 4445535?
5
What is the hundreds digit of 72289?
2
What is the tens digit of 1478066?
6
What is the units digit of 790113?
3
What is the tens digit of 537437?
3
What is the thousands digit of 763507?
3
What is the ten thousands digit of 26259960?
5
What is the ten thousands digit of 376059?
7
What is the hundreds digit of 202104?
1
What is the ten millions digit of 11502923?
1
What is the ten thousands digit of 7659604?
5
What is the thousands digit of 591256?
1
What is the ten thousands digit of 4838580?
3
What is the ten thousands digit of 3217161?
1
What is the hundreds digit of 135474?
4
What is the thousands digit of 33192179?
2
What is the thousands digit of 663745?
3
What is the thousands digit of 51277?
1
What is the hundreds digit of 15931681?
6
What is the units digit of 470991?
1
What is the units digit of 1253455?
5
What is the ten thousands digit of 573955?
7
What is the millions digit of 3282525?
3
What is the thousands digit of 11990433?
0
What is the hundreds digit of 640202?
2
What is the thousands digit of 2406071?
6
What is the tens digit of 86676?
7
What is the millions digit of 1628654?
1
What is the millions digit of 3796150?
3
What is the hundreds digit of 13881325?
3
What is the hundred thousands digit of 197992?
1
What is the thousands digit of 850502?
0
What is the tens digit of 1067164?
6
What is the ten thousands digit of 1949971?
4
What is the hundreds digit of 4171288?
2
What is the units digit of 33512?
2
What is the tens digit of 100352?
5
What is the hundred thousands digit of 7575159?
5
What is the hundred thousands digit of 26031094?
0
What is the tens digit of 925997?
9
What is the ten thousands digit of 246242?
4
What is the hundreds digit of 6386936?
9
What is the units digit of 4865303?
3
What is the tens digit of 453932?
3
What is the tens digit of 167037?
3
What is the hundred thousands digit of 5899533?
8
What is the ten thousands digit of 441471?
4
What is the hundred thousands digit of 2206075?
2
What is the ten thousands digit of 95839?
9
What is the millions digit of 23498830?
3
What is the tens digit of 37648080?
8
What is the ten thousands digit of 1627218?
2
What is the units digit of 2688815?
5
What is the units digit of 7909563?
3
What is the thousands digit of 315595?
5
What is the thousands digit of 5074215?
4
What is the hundreds digit of 1164946?
9
What is the hundred thousands digit of 155676?
1
What is the thousands digit of 1313973?
3
What is the hundred thousands digit of 3840478?
8
What is the thousands digit of 5005381?
5
What is the units digit of 296340?
0
What is the ten thousands digit of 626197?
2
What is the units digit of 2028311?
1
What is the hundreds digit of 1433765?
7
What is the hundreds digit of 5364602?
6
What is the tens digit of 305625?
2
What is the thousands digit of 1261620?
1
What is the units digit of 230024?
4
What is the tens digit of 97329?
2
What is the tens digit of 7185997?
9
What is the units digit of 6315633?
3
What is the hundred thousands digit of 3941910?
9
What is the hundreds digit of 8024734?
7
What is the hundred thousands digit of 269789?
2
What is the units digit of 321175?
5
What is the thousands digit of 8387252?
7
What is the millions digit of 1498267?
1
What is the hundred thousands digit of 2076331?
0
What is the units digit of 27302?
2
What is the millions digit of 2384244?
2
What is the ten millions digit of 15197995?
1
What is the thousands digit of 390844?
0
What is the units digit of 199624?
4
What is the tens digit of 245538?
3
What is the hundreds digit of 5295695?
6
What is the ten thousands digit of 19604264?
0
What is the ten thousands digit of 1896259?
9
What is the ten thousands digit of 48646?
4
What is the hundreds digit of 17852197?
1
What is the ten thousands digit of 2529433?
2
What is the thousands digit of 854720?
4
What is the hundreds digit of 334117?
1
What is the hundreds digit of 703732?
7
What is the hundreds digit of 197645?
6
What is the hundred thousands digit of 250151?
2
What is the hundred thousands digit of 4090105?
0
What is the hundred thousands digit of 14453171?
4
What is the tens digit of 16324051?
5
What is the units digit of 2349779?
9
What is the thousands digit of 72103?
2
What is the hundreds digit of 745942?
9
What is the thousands digit of 24938705?
8
What is the units digit of 399577?
7
What is the ten thousands digit of 1667635?
6
What is the units digit of 5390234?
4
What is the ten thousands digit of 850259?
5
What is the hundred thousands digit of 8096399?
0
What is the tens digit of 4704895?
9
What is the millions digit of 2747964?
2
What is the hundred thousands digit of 3500626?
5
What is the units digit of 93072?
2
What is the hundred thousands digit of 200643?
2
What is the thousands digit of 4617481?
7
What is the thousands digit of 155236?
5
What is the ten thousands digit of 130864?
3
What is the hundreds digit of 8025818?
8
What is the hundred thousands digit of 166221?
1
What is the ten thousands digit of 4591001?
9
What is the hundreds digit of 68903?
9
What is the ten thousands digit of 155373?
5
What is the hundred thousands digit of 962841?
9
What is the tens digit of 3411325?
2
What is the tens digit of 1159702?
0
What is the units digit of 16141593?
3
What is the thousands digit of 35813966?
3
What is the units digit of 5300652?
2
What is the ten thousands digit of 2851094?
5
What is the ten thousands digit of 232255?
3
What is the hundred thousands digit of 1287833?
2
What is the hundreds digit of 310994?
9
What is the units digit of 12604696?
6
What is the millions digit of 5838736?
5
What is the hundred thousands digit of 1431387?
4
What is the hundred thousands digit of 28490333?
4
What is the hundred thousands digit of 14821177?
8
What is the tens digit of 1017130?
3
What is the hundreds digit of 94992?
9
What is the millions digit of 2146865?
2
What is the tens digit of 470678?
7
What is the hundred thousands digit of 2365318?
3
What is the units digit of 85188?
8
What is the u